
2, 3, 130649
List the prime factors of 365198.
2, 182599
What are the prime factors of 5800409?
641, 9049
What are the prime factors of 11395990?
2, 5, 617, 1847
List the prime factors of 990503.
990503
List the prime factors of 9447322.
2, 4723661
What are the prime factors of 524844?
2, 3, 61, 239
List the prime factors of 228789.
3, 11, 2311
List the prime factors of 586309.
586309
What are the prime factors of 343197?
3, 19, 223
What are the prime factors of 692302?
2, 13, 26627
What are the prime factors of 2579493?
3, 7, 122833
What are the prime factors of 472496?
2, 29531
List the prime factors of 542366.
2, 11, 89, 277
What are the prime factors of 1795027?
13, 138079
What are the prime factors of 481362?
2, 3, 7, 73, 157
List the prime factors of 10391278.
2, 5195639
What are the prime factors of 3234881?
13, 23, 31, 349
List the prime factors of 2481759.
3, 7, 1459
What are the prime factors of 10757844?
2, 3, 151, 1979
What are the prime factors of 2113157?
193, 10949
What are the prime factors of 903916?
2, 13, 17383
List the prime factors of 442401.
3, 31, 67, 71
What are the prime factors of 2591652?
2, 3, 7, 30853
List the prime factors of 7475568.
2, 3, 155741
What are the prime factors of 1349839?
179, 7541
What are the prime factors of 29999?
131, 229
List the prime factors of 23944053.
3, 7, 29, 39317
List the prime factors of 4150738.
2, 433, 4793
What are the prime factors of 3805868?
2, 11, 67, 1291
What are the prime factors of 2014388?
2, 139, 3623
List the prime factors of 591819.
3, 197273
What are the prime factors of 4841?
47, 103
List the prime factors of 1378132.
2, 7, 83, 593
List the prime factors of 728072.
2, 91009
List the prime factors of 342975.
3, 5, 17, 269
What are the prime factors of 60674?
2, 23, 1319
What are the prime factors of 190441?
157, 1213
List the prime factors of 475478.
2, 31, 7669
What are the prime factors of 9432?
2, 3, 131
What are the prime factors of 17314?
2, 11, 787
List the prime factors of 599154.
2, 3, 99859
List the prime factors of 7161255.
3, 5, 233, 683
List the prime factors of 2856568.
2, 11, 13, 227
List the prime factors of 257115.
3, 5, 61, 281
What are the prime factors of 1382395?
5, 7, 127, 311
What are the prime factors of 346591?
7, 67, 739
List the prime factors of 172303.
53, 3251
List the prime factors of 1447188.
2, 3, 83, 1453
What are the prime factors of 2457907?
281, 8747
What are the prime factors of 2595228?
2, 3, 23, 9403
What are the prime factors of 1040838?
2, 3, 173473
What are the prime factors of 20665883?
7, 2952269
List the prime factors of 549035.
5, 109807
What are the prime factors of 352387?
7, 50341
What are the prime factors of 159088?
2, 61, 163
What are the prime factors of 938554?
2, 163, 2879
List the prime factors of 448135.
5, 89627
List the prime factors of 1381909.
23, 60083
What are the prime factors of 8698867?
227, 38321
List the prime factors of 11160.
2, 3, 5, 31
What are the prime factors of 4144774?
2, 19, 109073
List the prime factors of 2119735.
5, 19, 53, 421
What are the prime factors of 1266837?
3, 11, 13, 2953
What are the prime factors of 251785?
5, 37, 1361
What are the prime factors of 146036?
2, 11, 3319
What are the prime factors of 96040?
2, 5, 7
List the prime factors of 2461665.
3, 5, 29, 5659
List the prime factors of 54075.
3, 5, 7, 103
What are the prime factors of 305332?
2, 76333
What are the prime factors of 3668090?
2, 5, 17, 21577
List the prime factors of 264814.
2, 11, 12037
What are the prime factors of 1943193?
3, 7, 13219
List the prime factors of 3890314.
2, 17, 31, 3691
What are the prime factors of 1155300?
2, 3, 5, 3851
What are the prime factors of 6401208?
2, 3, 11, 24247
List the prime factors of 288131.
73, 3947
List the prime factors of 71413.
71413
What are the prime factors of 1327956?
2, 3, 7, 15809
What are the prime factors of 1465691?
1465691
List the prime factors of 1748078.
2, 443, 1973
What are the prime factors of 323826?
2, 3, 31, 1741
List the prime factors of 130278.
2, 3, 21713
What are the prime factors of 2833434?
2, 3, 137, 383
List the prime factors of 8896613.
11, 37, 21859
What are the prime factors of 14321761?
719, 19919
List the prime factors of 5311137.
3, 13, 23, 31, 191
List the prime factors of 132429.
3, 11, 4013
List the prime factors of 2259695.
5, 451939
List the prime factors of 255141.
3, 28349
List the prime factors of 1056684.
2, 3, 173, 509
List the prime factors of 67117.
41, 1637
List the prime factors of 539668.
2, 134917
List the prime factors of 1699775.
5, 7, 11, 883
What are the prime factors of 135938?
2, 11, 37, 167
What are the prime factors of 6789163?
23, 229, 1289
What are the prime factors of 175349?
175349
List the prime factors of 1957569.
3, 257, 2539
What are the prime factors of 285197?
11, 2357
List the prime factors of 21685149.
3, 17, 271, 523
List the prime factors of 24765436.
2, 19, 325861
List the prime factors of 15843380.
2, 5, 7, 113167
What are the prime factors of 17381744?
2, 23, 149, 317
List the prime factors of 1458286.
2, 729143
What are the prime factors of 245704?
2, 30713
List the prime factors of 1332765.
3, 5, 7, 4231
List the prime factors of 5442771.
3, 17, 106721
List the prime factors of 194563.
53, 3671
List the prime factors of 9347295.
3, 5, 109, 5717
List the prime factors of 3565649.
1327, 2687
List the prime factors of 162993.
3, 54331
What are the prime factors of 2783007?
3, 309223
List the prime factors of 209721.
3, 53, 1319
What are the prime factors of 37405?
5, 7481
What are the prime factors of 68236?
2, 7, 2437
List the prime factors of 315334.
2, 157667
List the prime factors of 1076889.
3, 11, 32633
List the prime factors of 3639491.
227, 16033
What are the prime factors of 18622?
2, 9311
List the prime factors of 8062927.
167, 48281
What are the prime factors of 145575?
3, 5, 647
What are the prime factors of 45476601?
3, 3593, 4219
List the prime factors of 150762.
2, 3, 25127
What are the prime factors of 1006851?
3, 29, 71, 163
List the prime factors of 4058066.
2, 2029033
What are the prime factors of 21123666?
2, 3, 83, 1571
What are the prime factors of 3211230?
2, 3, 5, 11, 37, 263
List the prime factors of 4725547.
19, 31, 71, 113
What are the prime factors of 2305996?
2, 7, 11, 7487
What are the prime factors of 5921658?
2, 3, 328981
List the prime factors of 1619018.
2, 389, 2081
List the prime factors of 35554.
2, 29, 613
List the prime factors of 2916552.
2, 3, 121523
What are the prime factors of 188135?
5, 191, 197
List the prime factors of 91276.
2, 19, 1201
What are the prime factors of 26406280?
2, 5, 660157
What are the prime factors of 13396359?
3, 4465453
List the prime factors of 3417284.
2, 13, 65717
What are the prime factors of 11965073?
2297, 5209
What are the prime factors of 409065?
3, 5, 27271
List the prime factors of 8818201.
7, 1259743
List the prime factors of 14574.
2, 3, 7, 347
What are the prime factors of 9794526?
2, 3, 7, 61, 3823
List the prime factors of 2230851.
3, 7, 41, 2591
What are the prime factors of 516095?
5, 233, 443
What are the prime factors of 788312?
2, 7, 2011
List the prime factors of 68997.
3, 109, 211
List the prime factors of 303598.
2, 151799
What are the prime factors of 3144002?
2, 1097, 1433
List the prime factors of 33648070.
2, 5, 67, 50221
List the prime factors of 192409.
7, 27487
List the prime factors of 950262.
2, 3, 109, 1453
What are the prime factors of 7869163?
47, 167429
List the prime factors of 1876894.
2, 938447
List the prime factors of 294779.
31, 37, 257
List the prime factors of 5609956.
2, 11, 59, 2161
List the prime factors of 12393022.
2, 229, 27059
List the prime factors of 158303.
158303
What are the prime factors of 10359554?
2, 29, 178613
List the prime factors of 153105.
3, 5, 59, 173
List the prime factors of 1417402.
2, 7, 137, 739
List the prime factors of 4537738.
2, 2268869
What are the prime factors of 324209?
324209
List the prime factors of 197723.
149, 1327
What are the prime factors of 998620?
2, 5, 7, 1019
What are the prime factors of 7924496?
2, 523, 947
List the prime factors of 937211.
11, 85201
List the prime factors of 10916895.
3, 5, 11, 109, 607
List the prime factors of 1105731.